e o(4). Suppose k*b + 10086 = 4*b + 2*g, 0 = -2*b - 5*g + 10071. Suppose -7*u = u - b. Is u a composite number?
False
Let k(o) = -1081*o + 15. Let h be k(-5). Suppose 5*y + h = 5*v, -518 + 2704 = 2*v + 4*y. Is v a composite number?
False
Suppose -12417 = -8*v + 8615. Is v composite?
True
Is (-4)/(-34) - 95277/(-357) a prime number?
False
Is (1/(-8))/(83/(-2935544)) prime?
True
Let o be -226 + -1 + -1 + 0. Suppose 0 = -0*k - 6*k + 2874. Let p = o + k. Is p prime?
True
Let s = -390 - -110. Let j = -29 - s. Is j a composite number?
False
Suppose 4*w - 4 = 0, 3*p + 2*w - 12 = 4*p. Let j(g) = -g**3 - 9*g**2 + 10*g + 4. Let i be j(p). Suppose i*b + 55 - 203 = 0. Is b prime?
True
Is (19444/6)/(22/33) a prime number?
True
Let q = 50646 + 25585. Is q prime?
True
Suppose -35907 = -5*g - 2*m, -19855 - 1674 = -3*g - 5*m. Is g composite?
True
Is 2 - 22/8 - (-398928)/192 a prime number?
False
Suppose b = -2*l, -2*l + 8 = -2*b - 4. Suppose 0 = -3*s + 2*i + 4417, -7*i - 10 = -l*i. Is s composite?
False
Suppose -6*u + 15 = -5*u - 4*j, 3*j - 1 = -u. Is 10656/u - (-18)/(-63) prime?
False
Let p be 6/(-12) + (-1323)/(-6). Let n = p + -351. Let v = n - -354. Is v a composite number?
False
Let z(y) = 17*y**2 + 2*y + 2. Let x be z(-1). Let k = 26 - x. Let o(l) = 5*l + 8. Is o(k) prime?
True
Let q = 36 + -34. Suppose 109 = -q*k + 611. Is k prime?
True
Let f(g) = -2*g**2 - 10*g + 12. Let v be f(-9). Is (53/(-2))/(6/v) a prime number?
False
Let i = 8043 - 422. Is i composite?
False
Is 455/(-273) - (-46988)/3 prime?
True
Suppose 21*p = 447605 + 49822. Is p prime?
True
Suppose 2*l = -2*l - 4, 0 = -2*m + 2*l + 42. Suppose -t = 2*g - m - 55, t = -3*g + 113. Is g a composite number?
True
Suppose -2*i - 2*n + 10 = -0*n, 0 = -5*n. Suppose 171 = -i*f + 4*f. Let m = -74 - f. Is m a composite number?
False
Let b(d) = -627*d + 58. Is b(-23) composite?
False
Let g = -11 - -17. Is (((-4)/g)/(-2))/((-1)/(-1119)) a composite number?
False
Let f(n) = -59*n + 31. Let w be f(-15). Let s = -381 + w. Is s a composite number?
True
Let x be 641/2*(2 + (2 - 2)). Suppose 4*l - 3*s = x, 165 = l + 3*s + s. Is l a prime number?
False
Let v(h) be the second derivative of -47*h**3/6 + 43*h**2/2 - 34*h. Is v(-14) a prime number?
True
Is -3314*5/(-4)*(-1038)/(-865) a prime number?
False
Suppose 2*z - m = 6*z - 258930, 0 = -4*z - 2*m + 258928. Is z a composite number?
True
Suppose 5*p - 7*p = -4. Suppose 0*w = i + p*w - 219, 4 = w. Is i prime?
True
Let f = 49 + -29. Let h be (-12)/(2/f*-1). Let j = h - 33. Is j a prime number?
False
Let k be ((72/(-15))/(-4))/(2/10). Let o(c) = 187*c**3 + c**2 + 3*c - 3. Let t be o(2). Is t/k + (-3)/(-6) prime?
True
Let r be 6*(18 - -2) - (1 - 1). Let q = r - -217. Is q prime?
True
Let t(p) = 416*p + 91. Is t(3) composite?
True
Let p(q) = q**2 + q - 9. Let s(o) = 3*o**2 + 6*o - 4. Let b be s(-3). Let w be p(b). Suppose 19*i - w*i = -94. Is i composite?
False
Let o be (-1)/(-1) - -2 - (-269 + -13). Let m = o + 694. Is m a prime number?
False
Let l = 96 + -96. Suppose 0 = -3*x + 2*k + 1439, l*x - 2*k - 2397 = -5*x. Is x a prime number?
True
Let a(u) be the first derivative of -u**2 - 14. Let o be a(-3). Suppose o*v - 3207 = 13167. Is v a prime number?
True
Suppose -3*t + 5153 = -x, 3*x = 2*t + 2*x - 3436. Suppose -7*o = 240 - t. Is o a prime number?
True
Suppose 0 = -6*f + 21 - 3. Is (-46)/(f/(9/12*-58)) prime?
False
Suppose 0 = -22*z - 2993 + 22507. Is z prime?
True
Let p = 68 - 65. Is ((-1)/p)/(1/(-42)) a prime number?
False
Let q = 148 + -97. Is q a prime number?
False
Let t = 18657 - 11428. Is t a composite number?
False
Suppose 5020 + 1395 = 5*a. Let w = 1992 - a. Is w prime?
True
Suppose 2*a - 5*v = -7, 0 = -a + 4*v - 0 - 2. Is ((-328)/a)/((-2)/(-3)) a prime number?
False
Let u(m) be the first derivative of 2*m**3/3 + 11*m**2/2 - 3*m - 2. Let i = 22 - 30. Is u(i) prime?
True
Let j = 36140 - 7971. Is j a prime number?
False
Let o be 21/(-3) - -3*1. Let j be (10 + -1)*o/(-12). Suppose 5*b + 4*a = -a + 370, -5*a - 198 = -j*b. Is b composite?
False
Let u be ((-8)/(-12)*-12)/(-2). Suppose 0 = u*l - 203 - 509. Is l/(-1)*(-25)/10 composite?
True
Let u = 124 - 45. Let j = -32 + u. Let z = -24 + j. Is z a composite number?
False
Suppose 2454 = 4*u - 1818. Suppose 23*z = 19*z + u. Is z composite?
True
Let p(t) = t**3 - 14*t**2 + 12*t + 13. Let z = -5 + 18. Let l be p(z). Is -2 + 2 + (185 - l) composite?
True
Let t(o) = -3*o - 2. Let x be t(3). Let f(v) = -31*v - 9. Let w be f(x). Suppose w = j + 25. Is j a prime number?
True
Suppose -10*d - 1240 = -5*d. Let u = d - -965. Let s = -500 + u. Is s composite?
True
Suppose 2*j = 32 - 8. Let s = j - 8. Suppose -2*v + 1131 = u, s*u = -u - 4*v + 5667. Is u prime?
False
Suppose 24840 = 19*d - 246917. Is d a composite number?
False
Suppose 11*h = 8*h - 750. Let w = 471 + h. Is w composite?
True
Suppose 14*v - 6911 - 41963 = 0. Is v composite?
False
Let n(g) = -5*g**3 - g**2 - 8*g + 3. Let o be n(-5). Suppose f + 4*z = o, -2*f - f - z = -1907. Is f composite?
True
Let l be 1*2 - (18 + -17). Suppose -2 - l = 3*p. Is -50*(p - 12) + -3 composite?
False
Let b = 1049 - -1923. Suppose -3*a - 405 = g, b = -5*g + 3*a + 965. Let y = g + 605. Is y composite?
True
Suppose 2*n + 3*n = -n. Suppose -3*b + 3*h + 927 = n, -b - b + 622 = -4*h. Is b prime?
True
Suppose -77*s + 75*s + 3*g = -83839, 2*s = -g + 83859. Is s composite?
False
Is 5090 - ((3 - 1) + -1) a prime number?
False
Let n(f) = 19*f + 3. Let b be n(-14). Let p = -182 - b. Suppose -2*r + 43 = -p. Is r composite?
True
Let k(f) be the second derivative of -f**4/12 + 4*f**3/3 - 3*f**2/2 - 11*f. Let h be k(7). Suppose -1805 = -h*i + 1479. Is i a prime number?
True
Let p(l) = -l**3 + 9*l**2 + l - 5. Let w be p(9). Suppose 3*d - 4*d - 47 = -5*n, 28 = 4*n + w*d. Let i(v) = 9*v + 13. Is i(n) a prime number?
False
Is 2/10 + (-1579264)/(-155) composite?
True
Is 10/12*1 + (-4629537)/(-54) composite?
False
Suppose q = 3*l - 11 + 5, -5*l - 3*q = -24. Suppose c = 2*b + 1107, -2*c - 176 = l*b - 2355. Is c a composite number?
False
Suppose -3*l + 67049 = 4*j, -2*j + 4*j = -4*l + 89382. Is l a prime number?
True
Let p = 29729 + -16564. Is p composite?
True
Let z(v) = 14*v**2 + 9*v - 36. Let h be z(-12). Let n = -491 + h. Is n a composite number?
False
Let m(i) = 47*i - 192. Is m(19) a prime number?
True
Let c(r) = -4*r + 2*r**2 - 15 + 21*r + 4. Is c(-14) composite?
True
Suppose 6*j = 4*j - 362. Let f = -124 - j. Is f a composite number?
True
Let o(c) = 3*c**3 - c**2 + 4*c - 2. Let h be o(3). Suppose 4*j - 2*x - h = 0, 2*x - 6 - 52 = -3*j. Let u = 42 - j. Is u a composite number?
True
Let i be 4/(-26) + (-13391)/(-91). Suppose 3*v - 3*m + 85 = -4*m, 5*v + i = m. Let z = v - -108. Is z prime?
True
Suppose -4*m - 2346 = -5*m - a, -4*a = -5*m + 11730. Let s = -908 + m. Is s a composite number?
True
Let h(r) = 2*r - 9. Let s be h(8). Let d be 0/(-2) + (11 - s). Suppose 422 = d*a - 2*a. Is a a prime number?
True
Let c be 166*345/50 + (-4)/10. Suppose 0 = -d + c + 576. Is d composite?
False
Let w be (0 - (-1)/(-3)) + 10/3. Let x = 4 - 0. Suppose 5*j + 2*v - 530 = -w*v, -x*j - 2*v = -430. Is j composite?
False
Let a(k) = 6*k**2 + 2*k - 74. Let x = 19 + -8. Is a(x) a composite number?
True
Let c be 72/16*4/(-3). Suppose -3*z = -4*q - 340, -z = -q + 6*q + 406. Is (c/3)/(2/q) a composite number?
True
Let t = 0 - -2. Suppose -y - 4*i + 930 = -1089, t*y = i + 4083. Is y composite?
False
Suppose 88*z - 38654 = 74*z. Is z a composite number?
True
Suppose 3*y = -4*c + 1, -5*y - 21 = -c + 2*c. Suppose -2*d + 3*o = 24, 6 = 5*o - c. Is 14/63 - 529/d composite?
False
Let n be 2/5 - 17376/(-10). Suppose -3*c = d + n - 730, c + 343 = 2*d. Is c*(-3 + 1 + 1) prime?
True
Let g(c) = 2*c**3 - 15*c**2 + 6*c - 11. Let d be g(7). Is 99/d*2*-149 composite?
True
Suppose 0*c + 4*c + 4*d = 0, 3*c + 2*d = 1. Let t be (-10)/(-3)*(4 - c). Let m = t + 1. Is m prime?
True
Let o be ((-6)/21)/(1/(-7)). Let j(w) = -3*w**2 - 14*w - 17 - o*w**2 + 7*w**2. Is j(15) a prime number?
True
Let l(a) = -a**2 + 1. Let b be (2 + 2)/(-16)*4. Let w(g) = -15*g**2 + 3*g + 1. Let n(z) = b*w(z) - 4*l(z). Is n(-2) prime?
False
Suppose 2*c - 12 = -c. Suppose -4*s + 412 = -c*v + 60, -4*v - 261 = -3*s. Is s composite?
True
Let o = -340 - -550. Let f be 152/(-11) 